187 + 193. Let d be 11 + (-2 - (u + -7)). Let f(a) = -a**3 + 10*a**2 + 2*a - 13. What is f(d)?
7
Let i(d) be the first derivative of d**2/2 - 5*d - 387. Give i(-8).
-13
Let r(p) be the first derivative of -13*p**2/2 - 328*p + 13843. What is r(-26)?
10
Let f(o) be the first derivative of -o**3/3 + 17*o**2/2 - 14*o + 172. Calculate f(16).
2
Let k(w) be the second derivative of -w**6/360 - w**5/10 - 5*w**4/6 + w**3 + w**2 - 21*w - 4. Let f(o) be the second derivative of k(o). Calculate f(-10).
0
Suppose 2*s - 28*h = -31*h - 13, -s - 2*h - 5 = 0. Let l(z) = -6*z - 42. Calculate l(s).
24
Let s(i) = -4*i - 17. Let j be s(-7). Let y be j/44 - (-54)/8. Let l(x) = -4*x + 16*x - y*x - 6. Give l(4).
14
Let w(g) = 2*g + 3. Let c be (-140)/(-1)*(-6 - -7). Suppose -h - 25 = 4*x, 5*h + 3*x - 15 = -c. Let f be 45/h*20/(-12). What is w(f)?
9
Let n(h) = -h**3 + 4*h**2 + 27*h - 43. Suppose -4*a = 5*s + 2328 - 2331, -4*a = -s + 39. Determine n(s).
-1
Suppose 0 = 2*h - 2*t - 50, -t = -2*h - 0*h + 50. Let k = 270 - 241. Let w = h - k. Let j(c) = 2*c + 4. Calculate j(w).
-4
Let q(m) = -26*m + 1661. Let p be q(64). Let g(v) = -6*v - 38. Calculate g(p).
-20
Suppose 5*l + 3*l + 115 - 291 = 0. Let p(x) = x**3 - 23*x**2 + 22*x + 14. What is p(l)?
14
Let w(l) = -l**3 + 6*l**2 + 3*l - 12. Let z be w(6). Suppose 2*q = -r - z, -5*q - 22 = -2*r + r. Let h(n) = 3 - 11*n + n**3 + r*n + 12*n. What is h(-2)?
-11
Let i(f) be the first derivative of f**5/20 - 5*f**4/12 - 28*f**3/3 - 187. Let r(q) be the third derivative of i(q). What is r(7)?
32
Let t(p) = 3*p - 5. Let o(m) = -2*m + 11. Let k(c) = 3*c - 17. Let h(l) = 5*k(l) + 8*o(l). Let q = -234 + 232. Let d(z) = q*t(z) - 5*h(z). Give d(7).
-12
Let g(u) = u**2 - u**3 + 3712*u + 3715*u - 7421*u - 3 + 4. What is g(-3)?
19
Let z(k) = k - 10. Suppose 9 = 4*f - 11. Suppose -2449*o = -2451*o + 42. Suppose -f*h = -2*h - o. Give z(h).
-3
Let z(c) = c**2 + 13*c + 2. Suppose 11*x + 485 = -0*x - 86*x. What is z(x)?
-38
Suppose -4*o = -3*o - 2*u - 6, 21 = o + 3*u. Let z(c) be the first derivative of c**4/4 - 13*c**3/3 + 7*c**2 - 9*c + 132. Determine z(o).
15
Let m be (3 - 0)*-1 + -4. Let i = 13 + m. Let c(w) be the third derivative of -w**6/120 + w**5/12 + w**4/4 - 3*w**3/2 + 19*w**2. Give c(i).
-9
Let p(o) = -9*o + 6. Suppose -88 = 18*v - 18 + 56. What is p(v)?
69
Let i = -1735 + 1736. Let n(q) = -3*q**3 - 3*q**3 + 3*q**3 + 2*q - 1. What is n(i)?
-2
Suppose 5*v - 2*i - 6 - 21 = 0, 0 = -2*v + i + 11. Suppose -k - 21 = -5*n, -v*k = -3*n - 0*n + 17. Let l(d) = -16*d - 1. What is l(k)?
15
Let q(y) = 141*y**2 + 17*y + 9. Let r(a) = 64*a**2 + 8*a + 5. Let z(m) = -5*q(m) + 11*r(m). Determine z(9).
-44
Let x(i) = 4*i**2 - 15*i + 17. Let r(z) = 5*z**2 - 24*z + 17. Let w(f) = 3*r(f) - 4*x(f). Give w(-8).
15
Let k(q) = 10*q**2 + 3*q + 3. Let y be k(-1). Suppose 0 = -z + y - 13. Let j(t) be the first derivative of 7*t**2/2 + 4*t - 1. Give j(z).
-17
Let t(l) = l**2 - 7*l + 4. Let m be 7 - 2*(-3)/(-6). Let z = m - -18. Let r = z - 20. Give t(r).
-8
Let v(l) be the second derivative of -l**4/12 + 2*l**3/3 + 23*l**2/2 + 9*l. Let f(t) be the first derivative of v(t). Let o = 221 + -226. Calculate f(o).
14
Let c(m) = -338 + 473 - 5 - 11*m. Determine c(10).
20
Let q(x) = -1284 + 1240 + 93*x - 90*x. What is q(18)?
10
Let q(i) = -15*i + 7*i**2 + 6*i - 2 + i**3 - 28 + 17. Calculate q(-8).
-5
Let g(i) = -i - 1. Let r be (-27)/(-3) + (-4 - -1). Suppose -r*o - 14 = -4*o. Let f(s) = -3*s - 24. Let c be f(o). Give g(c).
2
Let k be 75/(-10)*(-2)/(-3). Let t(j) = 12*j + 4. Let o(q) = -14*q - 4. Let d(r) = k*t(r) - 4*o(r). Determine d(-6).
20
Let w(m) = 7*m**3 - 39*m - 1 - m**2 + 37*m + 0*m**3. Let y be w(-1). Let z(g) = 2*g + 17. Determine z(y).
3
Let a(k) = -k**3 - 6*k**2 - 8*k - 5. Let q(b) = 5*b**3 - 2*b - 5. Let n be q(0). Calculate a(n).
10
Let a(l) be the third derivative of -l**7/840 + l**6/60 - l**5/20 + l**4/24 + 131*l**3/6 + 12*l**2. Let v(u) be the first derivative of a(u). Determine v(4).
9
Suppose p - 33 = -14. Suppose -4*w - 5 = p. Let z(r) = 4764*r - 6 + 4686*r - 9448*r. Give z(w).
-18
Let j(r) be the first derivative of -4*r**3 + 0*r - 7/120*r**5 + 0*r**4 + 14 + 0*r**2. Let a(z) be the third derivative of j(z). Give a(-1).
7
Let t = -2654 - -2646. Let y(s) = 2*s**3 - 11*s**2 + s + 3. Let l(g) = g**3 - 10*g**2 + g + 3. Let c(w) = -3*l(w) + 2*y(w). Give c(t).
5
Let u(h) = 5*h**3 - 9*h**2 - 590*h + 5. Let r be u(-10). Let g(d) = -6 - 2*d**3 - 5*d**2 + 3*d + 3*d**3 - 2*d. Give g(r).
-1
Let j(p) be the third derivative of -1 - 45*p**2 + 0*p**3 - 1/4*p**4 + 0*p. Calculate j(-1).
6
Let x(o) = o**2 + 5*o + 2. Suppose -270 = 76*l - 22*l. What is x(l)?
2
Let u(c) = 24*c**2 - 3*c - 4. Let a be 286/429*(-2)/(1 - 2/6). Give u(a).
98
Suppose 0 = -o + h + 3, -2*o - 4*h - 7 = 5. Suppose m + 3*m = o. Suppose m = z + 4*z - 20. Let t(n) = -n + 4. Give t(z).
0
Let i(d) = d**2 + 4*d - 4. Let o be i(-5). Suppose -61*r + 72*r = 495. Let k(b) = -1 - r*b**2 + 29*b**2 + 24*b**2. Determine k(o).
7
Suppose 0 = j, 0*t - 2*j - 8 = -2*t. Suppose c + 2*c - 3*z = 6, 0 = -4*c - t*z + 32. Let a(m) = m - 12. Give a(c).
-7
Let u(f) be the first derivative of -f**2/2 - 3*f - 316. Let m be -2 + (-28)/(-13) + 48/26. Suppose 3*j + 13 + m = 0. Calculate u(j).
2
Let g be 1*40/(-16)*2. Let s(o) = 7*o + 38. What is s(g)?
3
Suppose 3*l - 15 = 0, -3*u - 4*l + 14 = -24. Suppose -u*j = -4*j - 4. Let h(v) = 3*v**2 + 743652 - 1487306 + 743652 - 3*v**3. What is h(j)?
-14
Let l(c) = -c**3 + 2*c**2 + 2*c - 3. Let f(s) = -s**3 - 11*s**2 + 10*s - 22. Suppose 5*x = -3*g - 54, -2*g = x - 4*x - 40. Let w be f(x). What is l(w)?
1
Let v(n) be the first derivative of n**4/4 + 4*n**3/3 - 11*n**2/2 + 4972. Determine v(-6).
-6
Let o(c) = 7*c + 165. Suppose 585*s = 683*s + 2548. What is o(s)?
-17
Suppose 0 = 17*j - 14*j - 27. Suppose -3*l = 3 - j. Suppose -5*m + 5 = -a + 6*a, 4*a + l*m = 6. Let g(p) = -2*p - 2. What is g(a)?
-6
Let x(b) = -6*b**3 + 8*b**2 + 18*b + 4. Let z(t) = -5*t**3 + 6*t**2 + 15*t + 4. Let w(g) = -4*x(g) + 5*z(g). What is w(-2)?
-2
Let z(t) be the second derivative of -5*t**3/6 - t**2/2 + 7*t + 391. Let r = -1 - -2. Determine z(r).
-6
Let x(u) = u**2 + 6*u - 11. Suppose 39 = -4*m + 3*p, -4*m + 22*p = 27*p - 1. What is x(m)?
-11
Let o(t) = 786119*t - 1572245*t + 786107*t + 1. Determine o(-4).
77
Suppose 0 = -7*m + 3*m - b - 142, -160 = 4*m - 2*b. Let a(n) = n**2 + 32*n - 181. What is a(m)?
4
Let j(s) = 32*s + 2070. Let o be j(-64). Let z(k) = -2*k**3 + 45*k**2 - 24*k + 44. Give z(o).
0
Let i be 703/57 + (-6)/((-108)/(-42)). Let a(f) be the second derivative of -f**3/6 + 8*f**2 + 2*f. What is a(i)?
6
Let t be (-45)/(-6)*(-32)/24. Let x be (2 + 30/t)*-5. Let o(q) = 5 - 2*q - 2 + 3. Calculate o(x).
-4
Let i(p) be the first derivative of -p**4/4 - p**3/3 - 3*p**2/2 - 7*p - 2977. What is i(-3)?
20
Let b(y) = -9*y**3 - 45*y**2 + 7*y + 33. Let r(o) = o**3 + o**2 - o - 2. Let f(q) = -b(q) - 6*r(q). Calculate f(-13).
-8
Let v(n) be the first derivative of -n**4/4 - n**3 - 5*n**2/2 - 5*n - 4064. Suppose 7 = -3*m - 5. Calculate v(m).
31
Let p(i) = -31 + 33212*i + 33224*i - 66464*i. Determine p(-1).
-3
Let b be 12/(576/14) - (-4 - (-3 - 1)). Let h(j) be the third derivative of b*j**4 + 8*j**2 - 1/6*j**3 + 0*j + 0. Determine h(1).
6
Let u(l) be the third derivative of -l**7/1680 - l**6/80 + 3*l**5/4 - 5*l**2 + l. Let z(j) be the third derivative of u(j). Determine z(-6).
9
Let i(b) = -13*b**3 + b**2 - 2*b + 1. Suppose 0 = -3*c + 7*c - 44. Let m = c + -7. Suppose -m*s + 8 = 4. Calculate i(s).
-13
Let p(u) be the third derivative of u**6/120 + 23*u**5/60 + 7*u**4/12 + 317*u**3/6 + 3*u**2 - u - 698. Give p(-23).
-5
Let j(m) = -m**3 + 12*m**2 + 18*m - 22. Let g(p) = -p**2 - 49*p - 315. Let k be g(-41). Calculate j(k).
43
Let q be 24/14*(-14)/(3 - 2). Let v = q - -27. Let n(a) = -177*a**2 - 3 + 178*a**2 - v + 7*a. Give n(-7).
-6
Let m(p) be the second derivative of p**3/3 + 10*p**2 + 3595*p. Calculate m(-8).
4
Let s(m) be the second derivative of -5*m**3/6 - m**2 + 8*m. Suppose -3*f + 2*v + v + 99 = 0, -f - 4*v = -8. Let h = -24 + f. Give s(h).
-22
Let r(b) = 5942*b + 8*b**2 - 2 - 5971*b - 6*b**2. Calculate r(14).
-16
Let h(l) = l**2 + 12*l + 13. Let d(o) = -o**3 + 9*o**2 + 14*o - 19. Let x be d(7). Let n = 167